of 3923873?
7
What is the thousands digit of 3618?
3
What is the units digit of 1681261?
1
What is the ten thousands digit of 28283608?
8
What is the hundred thousands digit of 5261178?
2
What is the units digit of 158556?
6
What is the hundred thousands digit of 211341?
2
What is the thousands digit of 2803?
2
What is the units digit of 236171?
1
What is the hundreds digit of 13656992?
9
What is the hundred thousands digit of 316615?
3
What is the units digit of 20576036?
6
What is the hundred thousands digit of 12638163?
6
What is the millions digit of 7766552?
7
What is the ten millions digit of 13489556?
1
What is the thousands digit of 282000?
2
What is the hundred thousands digit of 762480?
7
What is the thousands digit of 416640?
6
What is the hundreds digit of 3314731?
7
What is the hundred thousands digit of 12233045?
2
What is the ten thousands digit of 4824637?
2
What is the hundred thousands digit of 376918?
3
What is the thousands digit of 3807714?
7
What is the hundred thousands digit of 3894852?
8
What is the thousands digit of 17570799?
0
What is the hundreds digit of 1934296?
2
What is the millions digit of 3670468?
3
What is the hundred thousands digit of 10878702?
8
What is the ten thousands digit of 48786?
4
What is the units digit of 65883?
3
What is the ten thousands digit of 850163?
5
What is the hundred thousands digit of 618397?
6
What is the ten thousands digit of 6171906?
7
What is the units digit of 459623?
3
What is the units digit of 2308067?
7
What is the units digit of 118742?
2
What is the hundred thousands digit of 767909?
7
What is the thousands digit of 3153292?
3
What is the thousands digit of 12793?
2
What is the millions digit of 2683042?
2
What is the hundreds digit of 213649?
6
What is the tens digit of 3672108?
0
What is the hundred thousands digit of 6344024?
3
What is the hundreds digit of 2341685?
6
What is the millions digit of 1220470?
1
What is the ten thousands digit of 68238?
6
What is the millions digit of 1103977?
1
What is the hundreds digit of 26003263?
2
What is the ten millions digit of 20670370?
2
What is the ten thousands digit of 65061?
6
What is the tens digit of 245747?
4
What is the tens digit of 12580178?
7
What is the hundreds digit of 1291823?
8
What is the hundreds digit of 377074?
0
What is the hundreds digit of 311656?
6
What is the ten thousands digit of 830818?
3
What is the ten millions digit of 10046565?
1
What is the ten thousands digit of 690368?
9
What is the thousands digit of 7729262?
9
What is the units digit of 482883?
3
What is the hundred thousands digit of 1512540?
5
What is the units digit of 12440?
0
What is the millions digit of 18162664?
8
What is the ten thousands digit of 2299646?
9
What is the hundreds digit of 10695454?
4
What is the hundreds digit of 525895?
8
What is the hundreds digit of 4114068?
0
What is the hundreds digit of 3472920?
9
What is the thousands digit of 8737600?
7
What is the ten thousands digit of 3029613?
2
What is the hundred thousands digit of 24961685?
9
What is the tens digit of 13314793?
9
What is the thousands digit of 1066848?
6
What is the units digit of 6578?
8
What is the ten thousands digit of 107066?
0
What is the hundreds digit of 803328?
3
What is the units digit of 64783?
3
What is the hundreds digit of 2136195?
1
What is the hundred thousands digit of 10721254?
7
What is the hundred thousands digit of 1136257?
1
What is the ten thousands digit of 231818?
3
What is the thousands digit of 685850?
5
What is the tens digit of 10563757?
5
What is the units digit of 923470?
0
What is the thousands digit of 172522?
2
What is the ten thousands digit of 10984578?
8
What is the tens digit of 759194?
9
What is the thousands digit of 1227170?
7
What is the tens digit of 283310?
1
What is the thousands digit of 14160227?
0
What is the ten thousands digit of 286677?
8
What is the hundreds digit of 10180087?
0
What is the tens digit of 15055768?
6
What is the hundred thousands digit of 8368092?
3
What is the hundreds digit of 116016?
0
What is the ten thousands digit of 244941?
4
What is the ten thousands digit of 182707?
8
What is the hundreds digit of 174478?
4
What is the ten thousands digit of 1690351?
9
What is the ten thousands digit of 11389275?
8
What is the units digit of 604355?
5
What is the ten thousands digit of 248946?
4
What is the units digit of 2640558?
8
What is the thousands digit of 16235669?
5
What is the ten thousands digit of 16059351?
5
What is the hundreds digit of 2879642?
6
What is the units digit of 5167076?
6
What is the tens digit of 5641800?
0
What is the thousands digit of 9087681?
7
What is the millions digit of 4469846?
4
What is the hundreds digit of 45750?
7
What is the hundreds digit of 2380709?
7
What is the hundreds digit of 171162?
1
What is the hundreds digit of 540560?
5
What is the hundreds digit of 69933?
9
What is the units digit of 5505874?
4
What is the hundreds digit of 660135?
1
What is the hundreds digit of 1220833?
8
What is the tens digit of 60651?
5
What is the millions digit of 5040541?
5
What is the ten thousands digit of 7847636?
4
What is the hundreds digit of 207570?
5
What is the millions digit of 13992414?
3
What is the ten thousands digit of 33890363?
9
What is the thousands digit of 1786074?
6
What is the units digit of 749803?
3
What is the units digit of 6075433?
3
What is the ten thousands digit of 379676?
7
What is the units digit of 8182586?
6
What is the hundred thousands digit of 165538?
1
What is the tens digit of 83410?
1
What is the tens digit of 10854088?
8
What is the tens digit of 190921?
2
What is the ten millions digit of 13274258?
1
What is the hundred thousands digit of 183693?
1
What is the millions digit of 14807734?
4
What is the ten thousands digit of 753173?
5
What is the hundreds digit of 344088?
0
What is the thousands digit of 425965?
5
What is the hundred thousands digit of 6699919?
6
What is the hundreds digit of 1903583?
5
What is the units digit of 42575?
5
What is the hundreds digit of 10535371?
3
What is the millions digit of 4973154?
4
What is the hundreds digit of 17488470?
4
What is the thousands digit of 344463?
4
What is the tens digit of 1170711?
1
What is the ten thousands digit of 2976899?
7
What is the ten thousands digit of 227205?
2
What is the hundred thousands digit of 4902361?
9
What is the units digit of 707571?
1
What is the thousands digit of 86975?
6
What is the hundreds digit of 2724442?
4
What is the hundreds digit of 442852?
8
What is the thousands digit of 5085548?
5
What is the hundreds digit of 10141675?
6
What is the ten thousands digit of 355039?
5
What is the hundreds digit of 1804128?
1
What is the millions digit of 15328878?
5
What is the ten thousands digit of 35755186?
5
What is the ten millions digit of 14821994?
1
What is the units digit of 569256?
6
What is the ten millions digit of 10356357?
1
What is the tens digit of 4687597?
9
What is the thousands digit of 20722424?
2
What is the tens digit of 7629676?
7
What is the tens digit of 4333838?
3
What is the thousands digit of 789491?
9
What is the hundred thousands digit of 334197?
3
What is the units digit of 210704?
4
What is the millions digit of 1363413?
1
What is the tens digit of 359681?
8
What is the hundred thousands digit of 6412739?
4
What is the hundred thousands digit of 15946104?
9
What is the thousands digit of 30244049?
4
What is the tens digit of 6948310?
1
What is the ten thousands digit of 842498?
4
What is the hundreds digit of 8514680?
6
What is the hundreds digit of 6079867?
8
What is the hundreds digit of 1076259?
2
What is the tens digit of 2023609?
0
What is the ten thousands digit of 7756236?
5
What is the thousands digit of 56546?
6
What is the tens digit of 1768042?
4
What is the tens digit of 22655059?
5
What is the hundreds digit of 15292247?
2
What is the units digit of 4498760?
0
What is the hundreds digit of 573739?
7
What is the units digit of 4245479?
9
What is the units digit of 1273296?
6
What is the units digit of 71575?
5
What is the millions digit of 1994071?
1
What is the thousands digit of 1947903?
7
What is the thousands digit of 223111?
3
What is the units digit of 534593?
3
What is the hundreds digit of 1638925